 What is the hundreds digit of q?
7
Let n(s) = -s**3 - 9*s**2 - 19*s + 12. Let o be (-81)/54 - 23/2. What is the hundreds digit of n(o)?
9
Suppose -3 = 2*h - 7. Suppose s = 4*f - h, 5*s + 4*f + 0*f = 38. What is the tens digit of 4 - -12 - (2 - s)?
2
Let s = -640 + 361. Let l = 46 - s. Suppose -6*i + l + 335 = 0. What is the hundreds digit of i?
1
Let t(x) = -2*x**3 + 2*x**2 + 3*x + 2. Let i be t(-1). Let s(v) = -2 - i*v + 8*v - v + 2*v. What is the tens digit of s(10)?
5
Suppose 0 = 4*b + 2*j - j - 15, b - 4*j = 8. Suppose -b*g + 4249 = -14*f + 9*f, 3181 = 3*g + 2*f. What is the thousands digit of g?
1
Suppose 8 = -2*b, -4*j - 681 = -j - 3*b. Let y = j - -133. What is the tens digit of 2/((-4)/y) + 0/(-4)?
4
Let o = -485 + 950. Suppose 0 = 3*f - 2*n - 736, o + 295 = 3*f + 4*n. Let m = f - 77. What is the units digit of m?
1
What is the units digit of (-3)/(((-51)/349571)/1)?
3
Let p(m) = -2*m**2 - 115*m + 168. What is the tens digit of p(-36)?
1
Let b = -8384 + 22986. Suppose -12386 = -39*i + b. What is the units digit of i?
2
Suppose -2*k = -10*k - 24. Let i be (3 + k + 7)*39. Suppose -5*l = -8*l + i. What is the units digit of l?
1
Suppose -3*k = -3*j - 99414, 153988 = 4*k + 5*j + 21418. What is the ten thousands digit of k?
3
Suppose 4*b + 20 = 0, b + 387 = -2*s + 1138. Suppose -5*p - s = -14*p. What is the units digit of p?
2
Suppose -7*y + 54 = 33. Suppose 3*w - 3480 = -y*f, w - 5760 = -4*w + 5*f. What is the hundreds digit of w?
1
Suppose -2*f + 1479 = f. Let a = 1040 - f. What is the units digit of a?
7
Let g be (-3 - 0)/(0 + -1). Suppose g*x = x. Suppose -4*s + p = -661 + 196, s + p - 120 = x. What is the hundreds digit of s?
1
Let y be (12 - 13)*2/(-2). What is the units digit of (2529/18)/(y/2)?
1
Suppose -2*b + 501 = t, -454 = -t - b + 44. Let a = 728 - t. What is the units digit of a?
3
Let l = 17920 - 10729. Suppose 12*q + 915 = l. What is the hundreds digit of q?
5
What is the units digit of (1/((-12)/20) - 1)/(42/(-630567))?
6
Let s(d) = 806*d**2 - 2*d - 6. Let u be s(-2). Suppose 0 = -0*r + 5*r + l - 5348, -3*r - 5*l = -u. What is the units digit of r?
9
Let m = -2539 - -1493. Let d = -296 - m. What is the units digit of d?
0
Suppose 13*d = 11*d - 126. Suppose -107*a + 241 = -108*a. Let s = d - a. What is the hundreds digit of s?
1
Suppose -18*r + 21*r = 3, -132340 = -3*g + 8*r. What is the hundreds digit of g?
1
Let n = -450 + 827. Let h = -249 + n. What is the units digit of h?
8
Let t = -8340 - -21827. What is the thousands digit of t?
3
Let m be ((-65)/20 + 2)*4. Let a be (-15)/100*-4 + (-82)/m. Suppose 0 = -a*y + 49 + 70. What is the units digit of y?
7
Suppose 0 = -7*l + 4*l + 33. Suppose -l - 24 = -7*f. Suppose -2*u = 3*x - 114, 3*x - f*u - 41 - 73 = 0. What is the units digit of x?
8
Let x(z) = 34*z**3 + 3*z**2 - 13*z - 4. What is the hundreds digit of x(4)?
1
Let y(b) = 16*b**2 + 187*b - 46. What is the ten thousands digit of y(21)?
1
Let r = 3161 - 1646. Suppose -4*h + 0*h - t = -1212, -t = -5*h + r. What is the hundreds digit of h?
3
Let h be -3 - (-16 + -2 - (-4)/(-4)). Let u(g) = 47*g - 182. What is the tens digit of u(h)?
7
Suppose 3676116 + 1304793 = 66*v + 535083. What is the hundreds digit of v?
3
Suppose -11*g - 14 = -129 - 6. Suppose -4*h + 2*h + 5*a + 269 = 0, -2*h = 2*a - 234. Suppose p - g = h. What is the units digit of p?
3
Let c be 24/15*((-28)/8 + 6). Suppose c*g - 882 - 886 = 0. What is the tens digit of g?
4
Suppose -v + 6*v = 15. Suppose -10*l + 6*l - 5*t + v = 0, -5 = -l + 3*t. What is the tens digit of (l/(-4))/(20/(-400))?
1
Let g be (416/(-182))/((-2)/2429). Let i = g + -1423. What is the hundreds digit of i?
3
Let u(q) = -q**3 - 7*q**2 - 8*q - 4. Let m be u(-6). Suppose -4*w = m*w - 9600. What is the tens digit of w?
0
Suppose 18*j = -5*o + 83427, -5*o = 4*j - 10818 - 72623. What is the hundreds digit of o?
6
Let z = 3351 - 2804. What is the units digit of z?
7
Let i be (-63)/6*6/(-3). Suppose u = i - 12. Suppose 0 = -u*b + 206 + 271. What is the tens digit of b?
5
Let n = 64576 - 31267. What is the tens digit of n?
0
Suppose 11*q = 5*q - 24. Let l(t) = 2 + 2*t - 2*t - 22*t + 0. What is the tens digit of l(q)?
9
Let v = -661 + 666. Suppose -10 = -v*o - 35, 2*o = -x + 1354. What is the thousands digit of x?
1
Suppose 3*y + 2620 = -23675. What is the hundreds digit of (y/(-35) - 2) + 3/(-7)?
2
Suppose -11*s = -21*s - 2230. Let p = s + 279. What is the units digit of p?
6
Let i(q) = q**2 - q - 21. Let w be i(-5). Let t(a) = 27 + w*a + 0*a + 6*a. What is the hundreds digit of t(12)?
2
Let z(h) be the second derivative of 3*h**5/20 - h**4/12 - 7*h**3/6 + h**2 - 175*h - 2. Let l be (-90)/(-21) + 6/(-21). What is the hundreds digit of z(l)?
1
Let j be (77/(-3))/(11/33). Let g = j + 140. Let d = 91 - g. What is the tens digit of d?
2
Let v = -53 - -67. Suppose l + r - 439 = 0, 5*r + v + 6 = 0. Suppose 5*q + 3*z - l - 615 = 0, -636 = -3*q - 3*z. What is the hundreds digit of q?
2
Let h be 370/25 + (-1 - (-6)/5). Let g(k) = -k**2 + 16*k - 21. Let a be g(h). What is the units digit of a*(-5)/(-45) + 370/6?
1
Let k(r) = 5*r**3 + r**2 + 7. Let x(l) = 26*l**3 + 4*l**2 + l + 37. Let s(c) = 11*k(c) - 2*x(c). What is the hundreds digit of s(4)?
2
Suppose i - 5*h - 1332 = 0, h + 8032 - 1444 = 5*i. Suppose -5*u + 298 = -i. What is the units digit of u?
3
Let q(p) = 2060*p - 760. What is the ten thousands digit of q(12)?
2
Let a(r) = r**3 + 28*r**2 + 36*r + 79. Suppose 315*b - 125 = 320*b. What is the units digit of a(b)?
4
Let t(p) = -p**2 + 17*p. Let z be t(17). Suppose z = -d + 349 + 123. What is the hundreds digit of d?
4
Let b be 36352/40 - (-16)/(-20). Suppose b = r + 324. What is the hundreds digit of r?
5
What is the hundreds digit of (58120/30 - -15)*(7 - 4)?
8
What is the thousands digit of 6247*2 - (4 - (15 - 14))?
2
Let h(w) be the second derivative of -4*w**3 + 0 - 1/12*w**4 - 20*w - 9/2*w**2. What is the hundreds digit of h(-14)?
1
Suppose 0 = -11*u + 8*u - d + 45518, u + 5*d - 15168 = 0. What is the units digit of u?
3
Suppose 13*y = -215 - 19. What is the tens digit of (y - -9)/((-3)/111)?
3
Let n(p) = 89*p**2 + 37*p + 208. What is the tens digit of n(-9)?
8
Let y(z) = 2*z**3 - 52*z**2 - 5*z - 40. Let h be y(28). Let v = h - 1895. What is the thousands digit of v?
1
Let r = 2249 + -1491. Let l = r + -43. What is the tens digit of l?
1
Let p(u) = u**2 + 4*u + 13*u**3 - 12*u**3 + 2*u**2 + 2*u**2 - 4. Let k be p(-3). Suppose 5*n - 87 = -w, -2*w - k*n = -0*w - 166. What is the units digit of w?
2
Suppose 6*b - 3*b = f + 12, 5*f = -4*b + 35. Suppose 0 = b*d - 5*m - 2270 - 7140, d - 1894 = -3*m. What is the hundreds digit of d?
8
Let o = -49 + 65. Let v(y) = y**3 - 12*y**2 + 10*y - 21. Let p be v(o). Suppose 7*l - p = -85. What is the units digit of l?
4
Let y be 3/21 + (-8)/56. Suppose 4*c = -6*p + 2*p + 4, c - 3*p + 11 = y. What is the hundreds digit of (7/14)/(c/(-580))?
1
Let l be -198*(-4 - (-25)/15). Suppose i - 3*i + l = 0. Suppose 0 = 6*o - i - 231. What is the tens digit of o?
7
Let d = -129 - -134. What is the units digit of 1119 - (6 + (4 - d))?
4
Suppose 0 = -2*r + 3*d + 1049 + 394, -d = -r + 719. What is the hundreds digit of r?
7
Let c = -142 - -165. Let t(a) = a**2 - 21*a + 36. What is the tens digit of t(c)?
8
What is the ten thousands digit of 1/5 + ((-450611304)/195)/(-44)?
5
Let c(z) be the third derivative of -z**5/60 - 11*z**4/8 + z**3/3 + z**2. Let g be c(-32). What is the tens digit of g/(8/(-10)*5/(-2))?
1
Let w be 8/3*171/12. Suppose 4*x + w = 174. Let o = x + -31. What is the units digit of o?
3
Let r(u) = 48*u - 18. Let x = 95 - 97. Let g be 5/((-4)/x - (-8 - -9)). What is the units digit of r(g)?
2
Suppose 2*a - 3*k = 13, 0*k = -5*a - 5*k + 45. Suppose a*c - 38*c + 28440 = 0. What is the hundreds digit of c?
9
Let x be 32/(-112) + 124/(-7). Let q = x - -27. Suppose 154 = q*z + 2*z. What is the tens digit of z?
1
Let f be -2 - ((-2)/4*2 + -107). Suppose -f*c + 7777 = -95*c. What is the tens digit of c?
0
Suppose 74*m + 6844 = 78*m. What is the units digit of m?
1
Let u(d) = -d**2 - 11*d - 12. Let t be u(-10). Let v be 2/(t/72 + 2/(-9)). What is the tens digit of (-26)/(3/(228/v))?
4
Let r(n) = -67*n - 104. Let d(i) = 20*i + 95. Let w be d(-5). What is the tens digit of r(